at is the units digit of z(q)?
3
What is the hundreds digit of 1329/9*(-18)/(-6)?
4
Suppose 0 = -2*b, 3*b = 2*j + 104 - 706. Suppose -2*u - 4*y = 264, -2*u + 34 - j = 3*y. What is the tens digit of (1 - -1) + u/(-6)?
2
Let t(v) = -28*v - 6. Let o be t(2). Let c = -22 - o. What is the units digit of c?
0
Suppose -309 = 21*a - 24*a. What is the tens digit of a?
0
What is the thousands digit of ((-4)/16)/(51093/25548 - 2)?
2
Let x = 26 + -21. Suppose 325 = x*a - 450. What is the hundreds digit of a?
1
Let q(k) = 13*k**2 - 29*k - 137. What is the hundreds digit of q(-7)?
7
Let g(b) = b**3 + 9*b - 5*b**2 - 3 + 3 - 4*b**2 - 8. Let p be g(8). Suppose -2*j + 95 = 4*m + j, -2*m - 3*j + 55 = p. What is the units digit of m?
0
Let t be 6724/14 - (-34)/(-119). Suppose -2*n + 6*n = t. What is the units digit of n?
0
Suppose -j = -7*j - 54. Let l(k) be the second derivative of -k**5/20 - 2*k**4/3 + 3*k**3/2 + 2*k**2 - k. What is the units digit of l(j)?
4
Let a be (-1)/3*((-255)/3 - 2). Let c(v) = -12*v - 8. Let i be c(-6). Let m = i - a. What is the units digit of m?
5
Let x(r) = 7456*r**3 - r**2 + r - 1. Let o be x(1). What is the units digit of o/39 + (-18)/117?
1
Suppose -4*i = -2*i - 4*o + 12, -4*i - 4*o + 36 = 0. Suppose -i*v = -5 - 11. Suppose v*s - 11 = 45. What is the units digit of s?
4
Let g(i) = -13*i + 18. Let s(m) = -4*m + 6. Let n(x) = -4*g(x) + 11*s(x). Let d be n(2). Let w(f) = 6*f + 5. What is the units digit of w(d)?
5
Suppose 0 = -2*n + 121 - 23. What is the tens digit of n?
4
Let d(o) = o**2 + 10*o + 5. Let u be d(-10). Suppose -u*v + 200 + 110 = 0. Let g = -15 + v. What is the tens digit of g?
4
Let c(x) = 10*x**2 - 249*x - 67. What is the hundreds digit of c(30)?
4
What is the units digit of 2071 + (0 - 2)*1?
9
Let i(d) = 6 + 23*d - 11 - 12. What is the units digit of i(7)?
4
Let t = 2048 - -692. What is the thousands digit of t?
2
Let q be 4 + -5*1/(-5). Suppose -4*u = u + q. What is the units digit of u*(705/3)/(-5)?
7
What is the hundreds digit of (-165)/(-33) + 1153 + -2?
1
Let v(x) = -x - 1. Let c be v(0). What is the hundreds digit of 2/c - (-107 + (-4)/(-4))?
1
Let k(u) = -u**2 - u + 1. Let y(v) = -4*v**2 - 13*v - 6. Let p(j) = -3*k(j) + y(j). What is the units digit of p(-8)?
7
Suppose -3*n - 21 = 3*q - 2*n, 5*n + 17 = -4*q. Let k be (-5)/((4/q)/1). Suppose -m = -0*m - k. What is the units digit of m?
0
Suppose -l = -152 + 43. Let v = -73 + l. What is the tens digit of v?
3
Suppose 5*i = 5*s + 1715, -5*s + 2*s + 706 = 2*i. What is the hundreds digit of i?
3
Let q = -31 + 44. Suppose q*u - 59 = 162. What is the units digit of u?
7
Suppose 0 = 5*q - 5*n - 1645, -4*n = 46*q - 48*q + 668. What is the hundreds digit of q?
3
Let c(w) = -118*w - 131. What is the hundreds digit of c(-7)?
6
Let a be (69/3)/(9/(-135)). What is the tens digit of (a/30)/((-1)/6)?
6
Suppose 0 = -15*h + 12*h + 6. Suppose -3*q - h*q + 275 = 0. What is the tens digit of q?
5
Let w be 6/(-12) - 6/(-4). Let k(y) = 38*y**3 - y + 1. Let f be k(w). Suppose 3*g - 2*q - f = 0, -q + 2*q = -4. What is the units digit of g?
0
Suppose 6 = b + 1. Suppose 4*t + 3 = b*t. Suppose -z + t*u + 2*u = 11, 0 = -4*z + 2*u + 28. What is the units digit of z?
9
Let b(l) be the second derivative of l**6/60 - l**5/40 + l**4/6 + 6*l. Let p(h) be the third derivative of b(h). What is the units digit of p(3)?
3
Let f(z) = -29*z - 27. Let p(n) = -9*n + 42. Let k be p(6). What is the units digit of f(k)?
1
Let x = -29 - -6. Let w = x + 297. What is the hundreds digit of w?
2
Let a(m) = m**3 - 15*m**2 + 2*m - 17. Let o = -26 + 41. What is the units digit of a(o)?
3
Let d = -86 - -72. What is the tens digit of 34/119 - (514/d + 0)?
3
Suppose 5*c - 55 = -4*s, s + 14 = 2*c - 21. What is the units digit of -3 - 40/c*87/(-4)?
5
Suppose -18*m + 15253 = -3647. What is the thousands digit of m?
1
Let t = 19 + -20. Let y(n) = 124*n**2 + 3*n + 1. What is the hundreds digit of y(t)?
1
Let c = -6 + 8. Suppose 0 = p - 11 - c. What is the tens digit of p?
1
Let a(o) be the first derivative of o**3/3 - 5*o**2 + o - 1. Let b(v) = -16*v + 394. Let i be b(24). What is the units digit of a(i)?
1
Let w = 102 + -98. Suppose w*j - l = 6*j - 16, -40 = -4*j - 4*l. What is the units digit of j?
6
Let i = -2101 + 3830. What is the units digit of i?
9
Suppose -z = 4*y + 22, -3*z = -2*z + y + 10. What is the units digit of (4/z)/((-10)/705)?
7
Suppose 3*u = 4*s + 755 - 2842, 2082 = 4*s - 2*u. What is the units digit of s?
8
Suppose -174 = -5*p + 66. Let b = -12 + p. What is the tens digit of b?
3
Suppose -5*s = -18 + 8. Suppose 455 = s*r + 5*r. What is the units digit of r?
5
Suppose -44 + 9 = -7*x. Suppose -a + x*a = 144. What is the units digit of a?
6
Let r(z) = z**2 - 2*z - 11. Let i be r(5). Suppose 2*v + 0*v - 298 = i*b, -2*v + 299 = -5*b. What is the tens digit of v?
4
What is the units digit of (-52)/(-4 - 49/(-14))?
4
What is the units digit of 2/3*6972/28?
6
Suppose 2*r + 1323 = 5*r - 3*l, 0 = r + l - 441. Suppose 8*y - r = y. What is the tens digit of y?
6
Let v(g) = -34*g - 56. What is the tens digit of v(-10)?
8
What is the tens digit of 1/8*-1 - 31085/(-40)?
7
Let q be 2/7 - 52/(-14). Suppose -12 = -2*h - h. Suppose -3*k + 2 = p, -q*p - 9 = -h*k + p. What is the units digit of k?
1
Let h(i) = 3*i - 3. Let m be h(4). What is the units digit of ((-56)/(-12))/(6/m)?
7
Suppose 3*v - 9 + 0 = 0. Suppose -v*k = -k - 78. Suppose -77 - k = -4*y. What is the units digit of y?
9
Let s(w) = -w**3 + 5*w**2 + 9*w - 12. Suppose 4*j = -3*v, 3*j - 3*v - 34 = -13. Suppose -7 - 11 = -5*b - j*d, -5*d = 20. What is the units digit of s(b)?
6
Let q = 647 - -432. What is the tens digit of q?
7
Let k(m) be the first derivative of -68*m**2 - 4. Let y be k(-1). What is the units digit of y/7 - (-18)/(-42)?
9
Let z(s) = -s**3 - 7*s**2 - 6*s + 3. What is the tens digit of z(-15)?
9
Let y = -83 - -92. Let h(n) = n**2 + 12*n - 7. What is the hundreds digit of h(y)?
1
Suppose 36*v + 6110 = 49*v. What is the units digit of v?
0
What is the thousands digit of 6537/2 - 117/26?
3
Let g(f) = f**3 + 13*f**2 + 15*f - 4. Let k be g(-13). Suppose -r = -2*r - 135. Let d = r - k. What is the units digit of d?
4
Let j be (-14)/(-35) - (-23)/5. Suppose -35 = -5*d + 5*b, -d + b - j = -3*d. Suppose 3*i = 2*i - 3, -5*i - 35 = -d*o. What is the units digit of o?
5
Suppose -y = 3*y + 5*u + 4, 6 = y + 3*u. What is the tens digit of ((-45)/y)/(6/40)?
5
Let u be (-1 + 33/(-9))*-12. What is the tens digit of (1 + -3 - u)/(-2)?
2
Let a(r) = -3*r - 2. Let x(c) = -5*c - 5. Let n(u) = -7*a(u) + 4*x(u). Let d be n(9). Let m = d + 3. What is the units digit of m?
6
Let m(o) = -o**3 - 11*o**2 + 12*o + 3. Let l be m(-12). Let r be (-5)/l*-6*2. Suppose -5*n = -r - 135. What is the tens digit of n?
3
Suppose -35 = -v - 5. What is the tens digit of v/(-5)*-22*1/3?
4
Let y be (-5)/((-75)/6) - 712/5. Let q = -50 - y. What is the units digit of q?
2
Let l(t) = -t**3 - 7*t**2 - 6*t + 6. Let r be l(-6). Let v = r + 7. What is the units digit of v?
3
Suppose 0 = 5*b + 5, -4*w = 5*b - 34 + 7. Let j(u) = -u**2 + 23*u + 13. What is the hundreds digit of j(w)?
1
Suppose 4*s - 3*s - 11 = -h, -h = -5*s + 49. Let j be (s - 2)/2 + -29. Let z = 50 + j. What is the units digit of z?
5
Suppose -89*x = -33*x - 125496. What is the thousands digit of x?
2
Let m(x) = -5*x**2 - 235*x + 12. What is the tens digit of m(-28)?
7
Let w(f) = f**3 + 10*f**2 + 9. Let s be w(-10). Let y = -7 + s. What is the units digit of (-84)/(-2 - (-1)/y)?
6
Suppose -33*p = -43*p + 2590. What is the tens digit of p?
5
Suppose -9*y + 10912 = -y. What is the tens digit of y?
6
Suppose -14923 - 21728 = -19*x. What is the units digit of x?
9
Let a(s) = -s**2 - 14*s + 3. Let l be a(-14). What is the units digit of 67 - (-3 + l)*(-3 - -2)?
7
Let v(y) = -y**3 + 8*y**2 + 2*y - 12. Let m be v(8). Let z be 2/(-3)*-1*36. Suppose z = m*n + 20. What is the units digit of n?
1
Let w(l) = 186*l + 19. What is the units digit of w(2)?
1
Let y(k) = 16*k**2 + k + 4. Let u be y(4). Suppose x - 7*x + u = 0. What is the units digit of x?
4
Suppose 16 = -2*l + 7*l + m, 1 = -l + 4*m. Suppose -3530*g = -3535*g + 25. Suppose 0 = -5*s + 2*s + 5*w + 220, 200 = l*s + g*w. What is the tens digit of s?
7
Suppose -5*c - 139 + 1660 = 2*h